 x(u) be the third derivative of u**6/120 + u**5/30 - u**4/24 + u**3/6 - 4*u**2. What is x(-2)?
3
Let k(v) = v**2 - 6*v + 4. Let l be -2 + 2/(-4)*14. Let y = 15 + l. Give k(y).
4
Let l = 48 - 46. Let v(g) be the first derivative of -2 - g - 3/2*g**l - 1/3*g**3. Calculate v(-4).
-5
Let c be (-4)/12*-3*2. Suppose -12 = -y - 3*y. Let x(o) = 3*o**3 - o**y - 3*o**3 - 2. Give x(c).
-10
Let v(w) = -w + 1. Let d(c) = 10*c - 5. Let b(r) = -d(r) - 5*v(r). Let n(a) = 2*a**2 + a**2 - 2*a**2 - 6*a + 1. Let l be n(6). Determine b(l).
-5
Let w(z) = z - 3. Let y be w(6). Let r(g) = -2 - g + 0 - y + 3. Determine r(-5).
3
Let a(w) = -7*w + 2. Let s(g) = g. Let p(n) = a(n) + 2*s(n). Determine p(-4).
22
Let v(r) = -r**2 - r + 1. Suppose 6 = 4*g + 3*i - 1, 2*i = 2. Determine v(g).
-1
Suppose 0 = -2*x, 2*x + 4 = -t - 3*t. Let w be 0 + 2 + (-1)/t. Let s(d) = -2*d**2 + 4*d - 2. Give s(w).
-8
Suppose 3*a = -15, g - 3*a - 22 = a. Let u(t) = -2*t**3 - 2*t**2 + t + 1. Let y(s) = s**2. Let o(v) = -u(v) - 4*y(v). Calculate o(g).
5
Let u(i) be the first derivative of i**2/2 + 5*i + 22. What is u(-3)?
2
Let n be 0 + 1*(-2)/(-1). Suppose j - 18 = -3*m, n*j = m + j - 2. Let k(b) = -10*b - 4. Let y(l) = -4*l + 1. Let t(c) = k(c) - 3*y(c). What is t(m)?
3
Let s(f) = f**3 + 5*f**2 - 7*f - 4. Let h be s(-6). Suppose -9 + 14 = g. Let a(x) = x - 6*x**3 + x**2 + g*x**3 - 2 - h. Calculate a(0).
-4
Let m(t) = 3*t - 1 - 5*t + 0 - 3. Let p = -13 - -9. Calculate m(p).
4
Let q = -20 + 28. Suppose -q = -t - 5. Let c(f) = f**3 - 4*f**2 + f - 2. Determine c(t).
-8
Let i(l) = -3*l + 7. Suppose -2*y - 4 = 0, 2*y = z - 2 + 4. Give i(z).
25
Let h(p) = 2*p - 5. Suppose -4*x + 4*b + 2 = -2, 3*x - 4*b = 0. Let l be (12/15)/(x/20). Calculate h(l).
3
Let a be (-16)/(-6) - (-6)/(-9). Suppose -2*c + 2 = l, -3*c - 8 = -4*l - 5*c. Let f(j) = j + 0*j + l - 2*j. What is f(a)?
0
Let q(k) = -87*k + 2 - 83*k + k**2 + 344*k - 90*k - 85*k. Suppose y = 6*y - 3*j - 15, -20 = -2*y + 4*j. Determine q(y).
2
Let k(c) = -426 - c + 415 + 0*c. Determine k(-6).
-5
Let y(j) be the third derivative of -j**9/60480 + j**6/144 - j**5/60 - 3*j**2. Let m(x) be the third derivative of y(x). Suppose 3*t = t. Calculate m(t).
5
Let f(z) = -10 + z**2 - z - 2*z**3 - 2*z**2 + z**3. Let c(p) = -2*p**2 - p. Let v be c(-1). Let w be (-1 - v)*(0 + 1). Determine f(w).
-10
Let x(u) = 0*u + 3*u + 7*u**2 + u + 2*u**3 - 6 - u**3. Let h be -4*1 + 2 + -4. Calculate x(h).
6
Let d(s) be the third derivative of s**6/120 - s**5/12 - s**4/4 - 19*s**2. Calculate d(6).
0
Let x = 11 + -6. Let r(u) = -u**3 - u**2 - 1. Let h(k) = -3*k**3 - 9*k**2 - 2*k. Let b(t) = h(t) - 4*r(t). Give b(x).
-6
Suppose 12 = w + 3*w. Let f be -1 - (-5 + w) - 3. Let g(m) = -m**3 - 2*m**2 - 4*m - 3. What is g(f)?
5
Let u(r) be the third derivative of -r**6/120 - r**5/12 + 5*r**4/24 - 7*r**3/6 - 21*r**2. Let l be (-6)/((-2)/(2*-1)). Determine u(l).
-1
Suppose 5*q = -0*l + l + 9, -q + 2*l + 9 = 0. Let j(u) be the first derivative of -3 - 7/2*u**2 - u. Determine j(q).
-8
Suppose -21 - 13 = 5*t + 3*u, 0 = -2*t - 3*u - 19. Let a(v) = 3*v + 5. Calculate a(t).
-10
Let m(g) = -g**3 + 3*g**2 - 3*g + 2. Suppose 13 = 6*h + 1. Calculate m(h).
0
Suppose -t + 2 = -5*k, 5*t + 2*k - 10 = -3*k. Let u(p) = -2 + t + 5 - 7*p - 6. Suppose 2*j - 3 + 1 = 0. What is u(j)?
-8
Let y(d) = -d**3 + 5*d**2 + 7*d + 2. Suppose 3*x - 11 = 2*x + 5*m, 0 = -x + 3*m + 9. Give y(x).
8
Let k be (21/(-6) - -3)*0. Suppose -4*g + 2*g + 12 = k. Let o(t) = t**2 - 6*t + 7. Determine o(g).
7
Let i be 120/(-10)*2/(-8). Let f(s) be the second derivative of -5/6*s**i + 0 - 2*s + 1/2*s**2. Calculate f(2).
-9
Let n be (-4)/6 + (-14)/6. Let k = 5 + n. Let d(p) = -p**3 + 4*p**2 - 4*p + 2. Determine d(k).
2
Suppose -4*n - 1 = -9. Let u be 3 - 4 - (-4 + n). Let q(r) = 6*r**2 - 2*r + 1. Calculate q(u).
5
Suppose 75 = -13*f + 10. Let m(k) = -k**2 - 5*k + 1. What is m(f)?
1
Let k(n) be the third derivative of n**5/120 + n**3/6 + n**2. Let a(d) be the first derivative of k(d). Calculate a(-6).
-6
Let a = -7 - -6. Suppose 6 = -w - 2*t, w = t - 2*t - 2. Let q(l) = -l**w - 3*l + l - 1 + 2*l**2. Determine q(a).
2
Let v(p) = -4*p**2 - 4*p + 5*p**2 - 4 + 1. Give v(5).
2
Let t(v) = -v**3 - v**2 + 3. Let s be t(0). Let h(r) = -3*r**2 - r**s - 4 + 2*r**3 + 0*r**3. Calculate h(3).
-4
Let y(g) be the third derivative of -g**5/60 + g**4/4 + g**3 + 18*g**2. Calculate y(7).
-1
Let d(m) = -5*m + 9. Let u(g) = g**2 - 8*g - 27. Let h be u(11). Give d(h).
-21
Let o(m) = 13*m**3 + 8*m**2 - 8*m - 3. Let n(j) = -7*j**3 - 4*j**2 + 4*j + 2. Let z(s) = 11*n(s) + 6*o(s). Calculate z(-5).
-1
Let r(f) be the first derivative of f**2/2 - f + 2. Calculate r(0).
-1
Let f(c) = 5*c - 3 + 1 - c. Let y(i) = i**3 - 10*i**2 - 12*i + 9. Let q be y(11). What is f(q)?
-10
Let k(s) = -s - 4. Let j be k(-7). Let i(d) = -4*d**3 - 7*d**2 - 2*d - 1. Let b(r) = -r**3 - r**2 - 1. Let o(u) = j*b(u) - i(u). Let n = -9 + 6. Calculate o(n).
1
Let l(j) = j**3 - 7*j**2 + 7*j. Let w(i) = -i**3 + 9*i**2 - 9*i + 4. Let n(c) = 1. Let h(x) = 2*n(x) - w(x). Let f = 1 - -7. Let a be h(f). What is l(a)?
6
Suppose 5*o = -31 + 1. Let k(w) = w**3 + 5*w**2 - 6*w - 6. Calculate k(o).
-6
Let z(i) = -i**2 - 4*i - 4. Let x(n) = n**3 + 7*n**2 - 8*n - 3. Suppose 8*k - 10 = 3*k. Let p be -9 + (1 + 1)/k. Let t be x(p). What is z(t)?
-1
Let v(x) be the first derivative of -x**4/4 - x**3/3 + 7*x + 9. Let b be 0/(3 + 2 + -3). Calculate v(b).
7
Let r(c) = c**2 - 1. Suppose -z + 5*z = 12. Calculate r(z).
8
Let r be ((-9)/12)/((-1)/4). Let g(l) = -l**3 + 4*l**2 - l + 2. What is g(r)?
8
Let w(p) = p**2 - 9*p + 8. Let j be w(6). Let n = 6 + j. Let b(f) = f + 1. Calculate b(n).
-3
Let j(c) = c - 4. Let k = 7 + -14. Let q be 2/k + (-130)/(-14). Let t be j(q). Let i(v) = 2*v - 6. What is i(t)?
4
Let g(h) = -h**3 - 4*h**2 + 4. Let r be 24/(-3) - (0 - 4). Give g(r).
4
Let c(q) = q**2 + 6*q + 4. Let i be c(-6). Let m = -13 + 15. Let o(f) = -2*f**2 + 3 - 6*f - m + 4*f**2. Give o(i).
9
Let f(t) = 3*t**2 - 2*t**3 + 7 - 5*t - 3*t**3 + 0*t**2. Let m(i) = 11*i**3 - 6*i**2 + 10*i - 15. Let j(z) = 13*f(z) + 6*m(z). Determine j(-4).
5
Suppose 0 + 5 = 5*l. Let n(f) = -2*f - 2 + 3*f + 0*f + 3. Let q(x) = 2*x**2 + 5*x + 4. Let k(w) = l*q(w) - 5*n(w). Determine k(1).
1
Let x(s) = -2*s**2 - 5*s. Let y(o) = 3*o**2 + 4*o + 1. Let i(f) = 4*x(f) + 3*y(f). Let h be i(7). Let g = 7 + h. Let w(l) = -l + 4. Calculate w(g).
1
Let b(x) = x + 15*x**2 + 0*x**3 - 31*x**2 + 17*x**2 - 20 - x**3. What is b(0)?
-20
Let b(g) be the first derivative of -4*g + 2 + 1/3*g**3 - 1/2*g**2. Suppose f - 7 = -2*u, f + 2 = -f + 4*u. Calculate b(f).
2
Let z(b) = b - 7. Let f(m) = -m**3 - 3*m**2 + 4*m + 3. Let c be f(-4). Determine z(c).
-4
Let z(j) = -3 + 6 - j + 7*j. What is z(-2)?
-9
Let a(w) = -3*w + 2. Let m(t) = -t**3 + 4*t**2 + 4*t + 7. Let q be m(5). Let k be (6/8)/(q/(-8)). Let j be (k/6)/((-2)/12). Calculate a(j).
-7
Let w(f) be the third derivative of 0*f + 0 + 5/24*f**4 + 9*f**2 + 1/60*f**5 + 1/3*f**3. Determine w(-5).
2
Let d(c) be the third derivative of c**4/12 - c**3/2 - 17*c**2. Let k(n) = 2*n. Let x be k(-2). Let m(b) = b + 8. Let g be m(x). Determine d(g).
5
Let t(o) be the second derivative of -o**4/12 - o**3/6 + o**2 + 7*o. Determine t(-4).
-10
Let w be (2 + -1)/((-1)/3). Let f(d) be the first derivative of d**3/3 + 3*d**2/2 + 4*d - 5. Calculate f(w).
4
Let u(y) = y**2 + 10*y + 2. Let m(n) = -3*n + n**2 - 2 + 12*n + 4. Let v(g) = -5*m(g) + 4*u(g). What is v(-5)?
-2
Let i(f) = -5*f - 5. Let d(j) = -16*j - 14. Let g(v) = -3*d(v) + 8*i(v). Calculate g(-2).
-14
Let k = 43 - 42. Let g(l) be the first derivative of -2*l + k - l**2 + 1/4*l**4 + 1/3*l**3. Determine g(-2).
-2
Let m be -5 - (-42)/10 - 26/5. Let q(s) = -s - 4. Give q(m).
2
Let c be 4/(-14) + ((-112)/(-49))/1. Let v(b) = 2*b - 2. Calculate v(c).
2
Let y(r) = -r - 1. Suppose -2*t + n - 2 = -3, -t + 5 = 4*n. Give y(t).
-2
Let t = 24 - 26. Let o(d) = d**2 + d + 2. Determine o(t).
4
Let l(q) = -q**2 - q + 6. Let h(u) = u**3 + 7*u**2 + 2. Let w be h(-7). Suppose -3*s = -2*a + w, 5*s + 4*a - 2*a = 2. Give l(s).
6
Let p(h) = -5*h + 5. Let k(x) = -9*x + 9. Let r(j) = 3*k(j) - 5*p(j). Suppose -3*m - 8 + 2 = 0. Give r(m).
6
Let d = 5 + -12. Let y(h) = h**2 + 5*h + 7. Determine y(d).
21
Let r =